**2 + s - 10. Let d(v) = v**2 + 3*v - 2. Let g be d(3). Determine h(g).
6
Suppose 57*n = 62*n + 85. Let r(g) = -g**3 - 17*g**2 + 2. Determine r(n).
2
Suppose 3*v - 20 = -2*v. Suppose 18 = v*b + 6. Let i(p) = p**2 + 0*p + 2*p**2 + 0*p**3 + 2*p - p**3. Calculate i(b).
6
Suppose 85*b - 4*r = 87*b - 12, -5*b - 22 = -3*r. Let j(n) = 11*n - 1. Calculate j(b).
-23
Suppose 0 = 3*b + 2*b - 15. Let c(a) = 4*a - 9. Let x be c(b). Let y(p) = -p**2 + 4. Calculate y(x).
-5
Let l be (0 - 4/(-1))*38/152. Let a(n) be the first derivative of -13*n**3/3 + n**2/2 - n - 66. Determine a(l).
-13
Let w(l) = 5*l + 62. Let s(k) = -2*k - 21. Let h(a) = -11*s(a) - 4*w(a). Let d be h(9). Let r(u) = 8*u. What is r(d)?
8
Let i(l) = 15*l**2 + 7*l + 2. Let z(d) = 7*d**2 + 3*d + 1. Suppose -6 - 7 = -g. Let o(u) = g*z(u) - 6*i(u). Let p = 41 + -38. What is o(p)?
1
Suppose 5*l - 3*k - 2*k = 15, -3*l + 10 = -4*k. Let f(m) = -6*m + m**3 + 2*m**l - m**2 - 5*m**2. Give f(5).
-5
Let k(r) = 4*r + 10. Let g be ((-3)/2)/((-8)/(-16)). Determine k(g).
-2
Let o = -188 - -184. Let g(p) = p**2 + p - 2. Determine g(o).
10
Let b(v) be the second derivative of v**5/20 + v**4/3 - v**3/2 + 7*v**2/2 - 4*v. Let u be b(-5). Let q(k) = 0*k - 5*k + 0*k**2 - k**2 - 4. What is q(u)?
2
Let l(x) = -2*x**2 + 7*x - 8. Let s be (-9)/(-5) - (-3)/15. Let r be l(s). Let u(f) = f**3 + 2*f**2 + 2*f + 1. Calculate u(r).
-3
Suppose 5*t = -3*m + 22, -3*t = 4*m - 9*m + 14. Let p = 12 - 10. Let u(n) = -n. Let l(g) = 3*g - 3. Let b(r) = p*u(r) - l(r). Give b(t).
-7
Let k(x) be the second derivative of x**3/3 + 6*x**2 - 2*x - 15. Give k(-12).
-12
Let u be 22/55 - 68/(-5). Let y(h) = 4*h - 62. Give y(u).
-6
Let h(y) = y - 3. Suppose -15 = 4*l - 39. Determine h(l).
3
Let m(b) = -15*b**3 + 5*b**2 - 3*b**3 + 34*b**3 - 5*b - 15*b**3. Suppose -25*g + 22*g = 15. Calculate m(g).
25
Let c = 0 - 19. Let a = c + 19. Let k(f) = f**3 - f - 3. Calculate k(a).
-3
Let v(c) = 4 - 3 + 0 + 4*c. Suppose 13*h + 5*h = 18. What is v(h)?
5
Let f(t) be the third derivative of 5*t**4/24 + t**3/2 - 4*t**2. Let c be f(3). Let l = c + -13. Let n(s) = -s + 12. Determine n(l).
7
Let x = 42 + -40. Let a(m) = m**x - 6*m - 27 + 21 + 0*m. Give a(6).
-6
Let p be -38 + 0 - (-8 + 5). Let y = p - -49. Let m be (-66)/y + 20/(-70). Let x(z) = -z**3 - 4*z**2 + 4*z - 4. Give x(m).
1
Suppose -35*o + 40*o = 35. Let z(x) = -x**2 + 9*x - 4. Determine z(o).
10
Let d(r) be the first derivative of r**4/8 - 7*r**3/6 - 5*r**2 - 7. Let f(o) be the second derivative of d(o). What is f(5)?
8
Let m(q) be the first derivative of -q**6/120 - q**5/12 - q**4/6 - 5*q**3/6 - 5*q**2/2 + 9. Let b(a) be the second derivative of m(a). Determine b(-4).
-5
Suppose 2*x = -3*z - 20, 34*z - 16 = 2*x + 36*z. Let m(k) = 2*k + 5. What is m(x)?
-3
Let q(v) = -v**3 + 19*v**2 - 16*v - 35. Let l be q(18). Let s be 6 + l + (-6)/(-1) + -4. Let y(o) = o**2 - 8*o - 8. Give y(s).
1
Let o(p) = -2*p**2 - 13*p + 40. Let d(m) = m**2 + 7*m - 21. Let c(h) = 11*d(h) + 6*o(h). Calculate c(0).
9
Let r(f) = -22*f - 948. Let y be r(-43). Let u(a) = -3*a**2 - a + 1. Give u(y).
-9
Let x(y) = -141*y + 38*y + 2 + 46*y + 46*y. Calculate x(3).
-31
Let x(g) = 3*g + 35. Suppose 371 = -60*a - 169. Give x(a).
8
Let n(j) = 5*j**2 + 41*j - 19. Let p be n(-8). Let k(b) = -2*b**2 - 55*b - 27. What is k(p)?
0
Let i(x) = x**2 - 6*x + 5. Suppose 3*h - 26 = 25. Suppose -8*m + 4*m + 13 = 3*t, -5*t - h = -3*m. What is i(m)?
-3
Suppose -7*p + 6*p + 2 = 0. Suppose p*z = -2*z. Let b(r) be the second derivative of -r**5/20 - r. What is b(z)?
0
Let f(w) = 4*w**3 + w**2 - 4*w - 1. Let d(m) = m**3 - m**2 - 1. Let q(h) = -h**2 + 4*h + 1. Let r be q(2). Let t(c) = r*d(c) - f(c). Give t(5).
-9
Let t(w) = -w**3 + 3*w**2 - w + 4. Suppose 1 = -3*p + 13. Suppose 4*r = -p*f + 24, -r = 4*r - 5*f. What is t(r)?
1
Let b(x) = -2*x + 7. Let i(n) = n. Let m be (0 - (-3 + 5 + -1))*1. Let l(w) = m*b(w) - i(w). Give l(3).
-4
Suppose 0 = -272*g + 267*g + 45. Let h(b) = b**2 - 9*b + 6. Determine h(g).
6
Let i(v) be the first derivative of -v**4/4 - 8*v**3/3 + 9*v**2 - 18*v + 477. Determine i(-10).
2
Let o be 806/248 - 14/(-8). Let m(f) be the second derivative of -f**5/20 + f**4/3 + f**3/2 + 3*f**2/2 + f. Calculate m(o).
-7
Let a(b) = -b**3 - 5*b**2 + 9*b + 13. Let x = -167 + 161. Calculate a(x).
-5
Let k be (5/(-20) - (-10)/8) + 4. Let t(x) be the second derivative of -3*x**2 + 5/6*x**3 + 1/20*x**5 + 0 - k*x - 1/2*x**4. What is t(5)?
-6
Let o(r) be the first derivative of -7/24*r**4 - 4 + 1/60*r**5 + 0*r - 5/6*r**3 + r**2. Let b(x) be the second derivative of o(x). Determine b(6).
-11
Let d(m) = -4*m**2 + m - 1. Let z be d(1). Let r(f) = -f - 1. Let x(h) = -8*h - 5. Suppose 0 = -2*s + 8 + 4. Let u(a) = s*r(a) - x(a). Give u(z).
-9
Let s(y) = 2*y + 7. Let o be s(-1). Let k be ((-5)/(-10))/((-2)/(-24)). Suppose -o*c + k = -6*c. Let i(t) = t**2 + 5*t - 8. Calculate i(c).
-2
Let h(i) = 6*i + 6. Let x(s) = 5*s + 5. Let f(j) = 4*h(j) - 5*x(j). Suppose 20 = -4*b, -2*a - 2*b = b + 5. Give f(a).
-6
Let s(r) = -r**2 - 7*r + 2. Let o be (13 + -20)*(1 + 0). Let i be s(o). Let c(h) = -3*h + 8 - 9 + i*h. Calculate c(6).
-7
Let v = -346 - -352. Let a(d) = -d**3 + 6*d**2 + d - 4. Calculate a(v).
2
Let o(i) = 123*i - 117*i - 8*i + 16*i**2 + i**3 - 24 - 6*i**2. Calculate o(-10).
-4
Let l(b) be the first derivative of 13*b - 1/2*b**2 + 25. Determine l(10).
3
Let c(y) = 2*y - 3*y + 0 - 2. Let a(d) = -4*d**2 - d + 1. Let o(u) = 5*u**2 + 2*u - 1. Let q(p) = -4*a(p) - 3*o(p). Let b be q(-1). Determine c(b).
-4
Let r(a) = -16*a + 53*a + 3 - 28*a. Determine r(-2).
-15
Suppose 0 = -b - 5*j - 11, -7*j = -5*b - 2*j + 35. Suppose -2*u = -b*t, 10 + 0 = 3*u - t. Let x(w) = w**3 - 5*w**2 - 2*w + 1. What is x(u)?
-23
Let j(n) = 3*n**2 - 14 + n**3 - 3*n**3 + n + 16. Let w(a) = -5*a**3 + 9*a**2 + 2*a + 5. Let t(z) = -8*j(z) + 3*w(z). Calculate t(-4).
-9
Let f(g) be the second derivative of -1/3*g**4 + 1/6*g**3 - 5*g + 0 - 5/2*g**2 + 1/20*g**5. Let w be f(4). Let i(r) = -3*r**2. Give i(w).
-3
Let l be (-13)/(-2) - ((-5)/3 + 171/54). Let c(v) = 2*v - 2. Let r be c(6). Let a(y) = 3*y - r - y - y. Determine a(l).
-5
Suppose -5 = 7*k - 40. Let w(a) = 7*a**3 + 1 - k*a + 5 + a**2 - 6*a**3 - 4*a**2. What is w(4)?
2
Let t(w) = -3*w**2 - w - 8. Let i(c) = -c**2 - 3. Let m(g) = 8*i(g) - 3*t(g). Let h be m(-3). Let f(v) = 2 + 3*v - 2*v + 4. Calculate f(h).
6
Suppose 3*b - 18 = -3*k, -17 = 5*b + 3. Let z(r) = -r**2 + 11*r - 13. Let w be z(k). Let d(u) = u + 2. Give d(w).
-1
Suppose -3 = 3*o, -3*z + 4*o + 12 = 5. Let v(y) = 11*y**2 - 4*y + 5. Calculate v(z).
12
Let h(a) = a - 6. Let c be ((-430)/129)/(4/6). Calculate h(c).
-11
Suppose -10 = 2*d - 12. Let r be ((-24)/84)/(d/(-7)). Let x(t) = -t + 9*t - 4*t. Calculate x(r).
8
Let a(y) = 7 + y + 7 - 15. Let o(c) = c - 2. Let l be o(2). Suppose 4*v = 4*j + 8, l*v + 17 = -4*j + v. Determine a(j).
-6
Let t(a) = 3*a**3 - 22*a**2 + 4*a + 29. Let r be t(7). Let d(w) = w**2 - 9*w - 8. Give d(r).
-16
Let d(n) = n**2 - 8*n - 8. Let t(l) = -l - 2. Let j be t(-13). Suppose 5*x = 5*v - j - 49, 5*v = -3*x + 28. What is d(v)?
-8
Suppose 2*m = 2*m - 2*m. Let t(q) = m*q + 0*q - 3 + q**2 - 10*q + 13*q. Let v(l) = l**3 + 5*l**2 + 5*l. Let w be v(-4). Determine t(w).
1
Let p be (3/(-2))/(12/64). Let i be 33/(-7) - p/(-28). Let x be -1 + i/((-15)/6). Let z(j) = -j**3 + j**2 - 1. What is z(x)?
-1
Let t(s) be the second derivative of s**5/10 - s**2/2 - 2*s + 22. Determine t(-1).
-3
Let x be (-12 + 12)/(1 + 0 + 0). Let c be 0 - (x + -2 - 0). Let y(t) = -t**3 + 2*t**2. Give y(c).
0
Let x(z) = 26*z - 15. Let d(y) = -27*y + 12. Let i(m) = 5*d(m) + 4*x(m). Calculate i(-1).
31
Let s(z) = z**2 + 35*z - 73. Let k be s(-37). Let p(h) = -15*h**3 + h**2. Determine p(k).
-14
Let p(s) = 2*s**3 + 3*s**2 - s. Suppose 36*c = 39*c - 6. Determine p(c).
26
Let q(g) be the first derivative of -g**3/3 + 9*g**2/2 + 11*g + 75. Give q(9).
11
Let m be (27/(-36))/(12/(-48)). Let j(o) = -o + 6. Determine j(m).
3
Let w(t) = -2*t**3 + 2*t**2 + 11*t - 19. Let x(b) = -b**3 + b**2 + 6*b - 10. Let u(r) = -6*w(r) + 11*x(r). Calculate u(-2).
-8
Let g(f) = 10*f**2 - 27*f**2 - 7 - 11*f + 10*f**2 + 6*f**2. Give g(-12).
-19
Let o(d) = -d**2 - 10*d - 8. Let l be o(-8). Suppose -7*v + l*v = 0. Let i(y) be the seco